 -50*z + 276. Let a(l) = -48*l + 277. Let b(n) = 5*a(n) - 6*c(n). Is b(6) prime?
True
Suppose 152*w - 143*w + 194427 = 0. Let c = w - -42862. Is c prime?
False
Suppose 1081487 + 137810 = 25*x + 9722. Is x prime?
True
Let f(q) = 331*q - 33. Let r(b) = 110*b - 11. Let j(a) = 6*f(a) - 17*r(a). Let u be j(4). Let c = u + -262. Is c prime?
True
Let t = -144 + 149. Suppose 3*b = t*k - 1249, -2*b = 4*k + b - 1010. Is k prime?
True
Let m(t) = -t**3 - 8*t**2 + 8*t - 5. Let y be m(-9). Suppose 9*h + 6 = 11*h. Is (2 + (h - y))*3202 a composite number?
True
Let n(j) = 620*j - 283. Is n(25) composite?
False
Let f = 44739 - -62354. Is f prime?
False
Suppose 7*s = 3*b + 3*s - 12, -s = -b + 3. Suppose -o + 67 + 534 = b. Let h = 1508 - o. Is h a composite number?
False
Suppose -26*u - 30*u + 1030413 = -14523083. Is u a composite number?
False
Let r be ((-40)/(-35))/((-4)/(-14)). Suppose -r*b + 4*i = -10076, 3*i = i + 4. Is b a prime number?
True
Let u = -35 - -41. Suppose -632 = -u*k + 2*k. Suppose 2*w + 4*f = k, 4*w - 371 = 4*f - f. Is w composite?
False
Suppose 5*r = v + 5096028, 3*r - 112539 = 2*v + 2945068. Is r a prime number?
False
Suppose -10*y + 248533 + 841182 + 188455 = 0. Is y prime?
True
Let u = -21929 - -42069. Let r = 35043 - u. Is r prime?
False
Let y(p) = -31*p + 2. Let z(i) = i**3 - 12*i**2 + 10*i + 9. Let r be z(11). Let f = r + -3. Is y(f) a composite number?
False
Let m(u) = 45*u**2 + 32*u - 280. Is m(19) prime?
True
Let w(t) = 59*t**2 + 11*t + 7. Let f be 5/(-5) + (0 - -2). Let l(i) = i**2 - 1. Let p(j) = f*w(j) - 6*l(j). Is p(-9) prime?
False
Suppose 4*q = -4*h + 134971 + 1416781, q + 5 = 0. Is h composite?
True
Is (220/(-10))/(-11) + 161 a prime number?
True
Let q(l) = -12 - 3*l**2 + l**2 - 6*l + 5*l**2 - 2*l**2. Is q(-7) a composite number?
False
Let d(b) = -14220*b - 1151. Is d(-20) prime?
False
Let f(b) = b - 7. Let q be ((-9)/6)/1*(-2)/(-3). Let k be f(q). Let t(l) = 21*l**2 - 7*l - 1. Is t(k) prime?
True
Suppose -h = 6*h - 6937. Let l = 1486 - h. Suppose -1036 = -n + l. Is n a prime number?
True
Let t = 151492 + -94553. Is t a composite number?
True
Let v be (6980/(-8))/((-1)/(-2)). Is v/(-10)*2 + -4 + 8 a prime number?
True
Let u = 1196369 - 472078. Is u prime?
True
Suppose 0 = 3*v - c - 15, -5*v = -3*c + 2*c - 25. Suppose 0 = -2*d - v + 15. Suppose -h - 3*h = 5*u - 41, -d*h = -u - 44. Is h composite?
True
Let j = -269 + 273. Suppose -2*y = -2*g - 501 - 1629, 0 = j*g + 16. Is y composite?
False
Let j(s) = -s**3 + 25*s**2 - 6*s + 152. Let u be j(25). Is (147 - 4) + (-3 - -1) + u composite?
True
Suppose -106*l - 3721 - 8263 = 17802. Suppose 0 = -0*j - 2*j - v - 370, 0 = -4*j - 3*v - 742. Let n = j - l. Is n prime?
True
Suppose -8*i + 136 = -216. Suppose -1 = -5*p + i. Is 5*(-3)/(-10)*6282/p prime?
False
Let x(z) = 2*z**3 - 10*z**2 - 6*z + 12. Let l be x(6). Is (521/2)/(24/l) a composite number?
False
Suppose 622*v - 513*v - 84605909 = 0. Is v composite?
False
Suppose 4*w + 5*s = -3, -5*s + 8*s + 20 = -5*w. Is -203*(w - (4 - 10)) prime?
False
Suppose 3*o = 2*s - 119996, 4*o - 189147 = -4*s + 50865. Is s composite?
True
Suppose -4*k - 2*l + 266478 = 0, -5*l + 7*l = -k + 66621. Suppose 41*p = 10*p + k. Is p a prime number?
False
Suppose -559 = -16*m + 721. Suppose 0 = 5*v - 0*v - 105. Let a = m - v. Is a a composite number?
False
Suppose -2*t - q = -267 + 2197, -2*t + 3*q - 1946 = 0. Let z = t + 5922. Is z composite?
True
Let w(i) = i**3 - 3*i**2 + 8*i - 30. Let a be w(14). Let q = a + -1451. Is q a prime number?
True
Suppose 885 + 40110 = 15*w. Let y = w + 7658. Is y composite?
False
Suppose 3*h - 2*n - 1726022 = 1332913, 4*h - 4078559 = 5*n. Is h a composite number?
True
Suppose 3*n = 3 + 3, -20 = 4*d + 2*n. Let v(a) = a**3 + 7*a**2 + 7*a + 12. Let c be v(d). Suppose 4*x = -r + 2984, -c - 2 = -2*r. Is x composite?
True
Suppose -2*i = -5*c - 89786, 60*i - 65*i - 5*c = -224535. Is i prime?
False
Let r be -3*(2 + (-102)/9). Let c be -2 + 6*1 + 0. Is (r + 10)*5*2/c a prime number?
False
Suppose 5*s = 14555 + 25985. Is s*4/(-48)*-33 a prime number?
False
Suppose 22*u = -54*u + 1585588. Is u a prime number?
False
Suppose 0 = 33*s - 20*s. Suppose s*q = -5*q + 29705. Is q a prime number?
False
Let r(i) = -81*i**3 - 11*i**2 + 12*i - 17. Is r(-9) a composite number?
True
Suppose -6 = z + 2*j, 3*j + 16 = 2*z - 0*j. Suppose 4*n + z*x = -1026, -3*x + 240 - 1523 = 5*n. Let o = 7533 - n. Is o composite?
False
Suppose 0 = -43*m + 61766286 + 71200991 - 43946226. Is m composite?
True
Suppose -l = y - 28334, 2*l + 3*y = -1751 + 58423. Let k = -18531 + l. Is k prime?
False
Let x(g) = 206105*g - 1424. Is x(3) composite?
True
Suppose 2*w + 4*n = -3422, 4*w - 5*w - 3*n - 1710 = 0. Let m = w - -2456. Is m prime?
True
Suppose 0*o + 9 = 3*o. Suppose -3*n = o*y - 2*n - 2789, -5*y - n + 4647 = 0. Is y prime?
True
Suppose 22*n - 2193228 - 2542076 = -34*n. Is n a prime number?
True
Is (-22)/143*-1 - 101578/(-26) a prime number?
True
Is 0 + 3/((-66)/(-1024298) + (-1 - -1)) a composite number?
False
Suppose -h + 18 = -10*h. Let u be ((3 - 1) + h)*2/8. Suppose 5*t = 4*o + 5405, 0*t + 3*t + 5*o - 3206 = u. Is t a composite number?
True
Let q be (-15)/1*(-1 + (-12)/(-9)). Let n(f) = 191*f**2 + 9*f - 1. Let z(o) = 190*o**2 + 8*o - 1. Let i(d) = q*n(d) + 6*z(d). Is i(-2) a composite number?
False
Let s = 428 - 419. Suppose -5 = t - 1. Is 2689/3 + t/s*3 composite?
True
Let w be -1 - (3 + -4) - -2. Suppose -3*c = -5*k - c + 3163, 0 = k + w*c - 623. Suppose 0 = -t, 0 = -q - 2*t + 3*t + k. Is q composite?
False
Suppose -5*r = -9*r - 0*r. Suppose 3*d + 0*c + 3*c - 3 = r, 4*d - 4*c - 44 = 0. Is (-52)/8 + d + (-94)/(-4) composite?
False
Let q(c) = -1684*c + 171. Let z = 301 - 308. Is q(z) composite?
False
Suppose 54*y + 1464071 - 4071029 = 0. Is y a prime number?
False
Is ((-153)/72)/17*4 - (-24454218)/12 a prime number?
True
Suppose 0 = -387*m + 5713430 + 28206350 + 10957901. Is m a composite number?
False
Let p(j) = j**2 - 10*j - 12. Let n(h) = h**3 + 25*h**2 + 22*h - 38. Let f be n(-24). Let z be p(f). Is 1*2038 - (-15 - z) composite?
True
Suppose -5*v = 55*v + 434*v - 89064742. Is v prime?
False
Suppose 59*u - 26*u - 7*u = 1425086. Is u prime?
False
Let d = 81 + -88. Is 1/(d/(-35)) + 25088 a composite number?
True
Suppose -h + 3*c + 65168 = 4*h, -52131 = -4*h - c. Is h a prime number?
True
Let i(l) = 291*l**2 - 19*l + 921. Is i(40) composite?
False
Suppose -314176 = -17*j + 21*j. Is ((-117)/(-156))/((-6)/j) a composite number?
True
Let p(j) = 11*j**2 + 2*j - 23. Let i be p(19). Suppose 5*r + i = -y - 3059, -3*y + 4209 = -3*r. Is r/(-6) + (-1)/(-3) composite?
True
Let l(n) = 53431*n - 6106. Is l(5) a prime number?
False
Is (-8*5/60)/(4/(-81402)) prime?
True
Let t(v) = -5774*v - 1289. Is t(-23) prime?
False
Is ((-5)/(345/18101))/(1/(-39)) a prime number?
False
Suppose 0 = -64*w + 626954 - 127306. Is w prime?
False
Suppose -n = 5*m + n + 9, -5*n - 10 = 0. Is (-10)/(30/(-38277)) - (m + -3) prime?
True
Is (231258/(-9))/(((-220)/(-30))/(-11)) composite?
False
Let l(t) = -87*t + 32*t + 4 - 480*t - 1. Is l(-2) a prime number?
False
Let h be 282231/(-21) - ((-100)/35)/5. Let n = h + 27720. Is n prime?
True
Let w(c) = 13*c**2 + 797*c - 49. Is w(-159) a prime number?
True
Suppose 0 = -57*v + 58 + 56. Suppose 11*c - 14*c = 3*a - 3102, 0 = 5*a + v*c - 5185. Is a prime?
True
Is 13/(-1) - (-29201 - -71) a composite number?
True
Suppose 0 = 54*a - 50*a + 12, 0 = 2*b - 5*a - 2690301. Is b/(-171)*(-3)/1 a composite number?
False
Let v(t) = 4819*t**2 - 3*t + 5. Let l be v(2). Let n = l + 554. Is n composite?
True
Let r = -49321 - -83811. Suppose 5*z + 3*c - r = 2*c, 0 = -4*c. Is z prime?
False
Let o be -57*(-14)/(-12 - -26). Let q(g) = -291*g**3 + 3*g**2 - 2*g + 1. Let n be q(-3). Suppose o = 4*p - n. Is p a composite number?
False
Suppose 2*v + 10 = 0, 6117 + 38724 = 4*u - v. Is u prime?
False
Let l be 6 - (2 - 0)*1. Suppose -l*z - 1964 = -8*z. Is z prime?
True
Let j be (308/(-35))/(2/(-5)) + 3. Suppose -5*i - 2*k = -105, -2*i + 18 = k - j. Suppose i*y + 209 = 20*y. Is y prime?
False
Let i be (-1)/(-2) - (-24)/(-48). Let k be ((-15)/(-2))/((-3)/8). Is 631 + i*4/k a composite number?
False
Let t be 7 + -13 - 12/(-2). Is 748 - (t + (-2 - 3)) composite?
True
Suppose 0 = -2*r + 3 + 5. Suppo